 - 2*b = 19. Is l composite?
False
Let r = -338 + 510. Suppose 0 = -3*q - 25 + r. Is q a composite number?
True
Is 5/(-20) - (-6837)/4 prime?
True
Let i(j) = 4 + 7*j**2 - 4*j**2 - 13*j + 2 - 1. Is i(-6) prime?
True
Suppose y = -3*k + 647 + 567, -3*y + 1206 = 3*k. Suppose -2*o + k = -3*z, 2*z - 472 = -2*o - 46. Is o a prime number?
False
Suppose 0 = -4*d, 2*a + 3*a - 2970 = -d. Suppose 166 = h + i, 3*h + 2*i = -101 + a. Let f = h + -84. Is f a prime number?
False
Let p = -374 - -767. Let l be (-1 + 0 - -1)/(-2). Suppose -p = -l*q - 3*q. Is q composite?
False
Suppose 784 = 5*w + n, 4*n - 3 = 7*n. Is w composite?
False
Let y(z) = 46*z + 5. Is y(9) prime?
True
Suppose -5 - 4 = -3*y. Suppose -y*m + 90 = -0. Suppose 32 = 3*s + v, -5*s - v = -4*v - m. Is s a composite number?
True
Let f be (-4)/(-6)*12 - -1. Suppose -4*l + f = -3. Suppose 0 = -n + 3*m + 55 - 8, -5*m - 141 = -l*n. Is n composite?
False
Let v = 1415 + -328. Is v a prime number?
True
Let l = 3 - -18. Let m = l - 15. Let s(z) = -z**3 + 8*z**2 - 7*z + 5. Is s(m) composite?
True
Let y(w) = -3*w**3 - 2*w**2 + w + 1. Let m(j) = -2*j**2 + 2*j + 2. Let k be m(2). Let p be y(k). Is (p/(-6))/(2/(-20)) a prime number?
False
Suppose 3*x + 4*j - 329 = 2*j, 3*j + 6 = 0. Is x a composite number?
True
Let i = -1197 + 2636. Is i prime?
True
Let s(c) = 3*c - 2. Let h be s(2). Let l be (6 + -6)*1/1. Suppose 157 = w + w + b, l = -h*w - b + 311. Is w prime?
False
Suppose 5*u = 5 + 5. Suppose 0*x = 3*h - 5*x - 607, -h - u*x = -184. Is h composite?
True
Suppose -3*r = k - 6 - 5, -r = -k - 1. Suppose z - 13 = -5*v, 0 = -3*v + k*z + 13 - 0. Suppose -111 = -v*u - 0*u. Is u a composite number?
False
Suppose -375 = 4*n + n. Let u = n - -146. Suppose -w + 3*w - u = v, -3*w + 2*v + 105 = 0. Is w composite?
False
Let v(m) be the second derivative of -m**3 - 2*m**2 - 2*m. Let o be v(-5). Let j = o + -12. Is j composite?
True
Suppose 0*t + 2*t - 514 = 0. Let u = t + -154. Is u prime?
True
Let r = 96 - 50. Is r a prime number?
False
Suppose -i = -175 - 260. Let x = 277 - i. Let b = x - -267. Is b composite?
False
Let f(q) = q**2 + 7*q + 9. Let g be f(-6). Is 60 + -2*g/6 a prime number?
True
Is 6/(-4)*(0 + (-68360)/12) composite?
True
Let f(j) = j**3 - 5*j**2 - 5*j - 3. Let l be f(6). Is (-226)/l*(-12)/8 composite?
False
Let d(i) = i**3 + 2*i**2 - 5*i + 1. Is d(7) a prime number?
False
Suppose 4*y = -2*h + 1372, -4*y + 2*h = -h - 1362. Let m = y - 47. Is m a prime number?
False
Suppose 0 = -0*y - 2*y + 174. Is y a composite number?
True
Let t = -13 - -16. Suppose -t*g = -4*g + 85. Is g composite?
True
Suppose -f + 1091 = l, 3*f + 4*l + 1372 = 4649. Is f a prime number?
True
Let l = 298 + -65. Is l prime?
True
Suppose 0 = -s + 185 + 20. Is s a prime number?
False
Let h = 15 + 128. Is h prime?
False
Let s = 994 + -267. Is s prime?
True
Suppose d + 49 = 2*d. Suppose -d + 16 = -w. Is (w/6 + -2)*14 a prime number?
False
Is 4/((-8)/(-194)) + -2 prime?
False
Suppose -p - 5*x = -12, p + 2*x = -x + 8. Let s(t) = -5*t**3 + 2 + 14*t**3 - 3 + 3*t. Is s(p) composite?
True
Suppose 3*d - 10 = d. Suppose 9 = d*g - 6. Suppose 2*j + 3 = g*j + 2*k, -4*j = -k - 30. Is j a composite number?
False
Suppose j - i = 383, 0 = -4*j - 3*i + 542 + 1025. Suppose -4*h - 144 = 7*w - 3*w, 5*w - 3*h = -172. Let y = w + j. Is y prime?
True
Let b(x) = -x**2 + 5*x + 3. Suppose 0*z + 2*z - 7 = g, 4*g = 12. Is b(z) composite?
False
Suppose -2*f + 7 = 3. Let m be 12/2*(f + -1). Let j(a) = 2*a - 3. Is j(m) composite?
True
Let k(y) be the third derivative of -3*y**4/8 - 4*y**2. Is k(-1) a composite number?
True
Suppose 0 = -4*s + 444 - 68. Let r be (-4)/14 + 1600/(-35). Is (-1)/(2 + s/r) a composite number?
False
Suppose 0 = v + v - m - 1, 4 = -4*m. Suppose 4*u = 3*c - 49, 3*c + u = -v*u + 29. Is c prime?
True
Let f(k) = k**3 - 5*k**2 + 4*k + 1. Let g be -1 + 3*(-24)/(-9). Is f(g) a prime number?
True
Suppose -3*o + 3*m + 172 = -2*m, -5*o - 5*m + 300 = 0. Is o a prime number?
True
Let s = 18 - 2. Suppose 0 = -4*a - a + 15. Let q = a + s. Is q composite?
False
Suppose 0*m = -4*l - m + 601, l - 145 = 5*m. Suppose 3*g - l - 87 = 0. Is g a composite number?
False
Let h(v) = -v**3 - 13*v**2 - 11*v - 12. Is h(-13) composite?
False
Let w = -83 - -170. Is w a prime number?
False
Let b = -17 + 77. Let u be ((-4)/(-10))/(3/b). Let t = u - -11. Is t a prime number?
True
Suppose 23 = k - 0*k. Suppose 5*p = -4*x + 225, 0*p - 4*p + 288 = 5*x. Suppose j + 5*f = -k + 58, 2*j + 5*f = x. Is j a composite number?
True
Suppose 3*q - z = z + 3773, 3*q + 2*z - 3781 = 0. Is q prime?
True
Let k = -9 + 83. Is k prime?
False
Suppose -2*o + 4*y + 16 = 0, 5*y = 4*y - 3. Suppose 5*v = o*v + 9. Suppose v*a - 5*a + 52 = -2*k, a - 1 = -4*k. Is a composite?
True
Let t be ((-100)/(-6))/((-3)/9). Let a = t + 117. Is a a composite number?
False
Suppose -3*i - 2*w + 277 = -2*i, i - 4*w = 253. Is i prime?
True
Let s(f) = 2*f + 32. Is s(7) prime?
False
Let y = 346 - -283. Is y composite?
True
Let h(d) = d - 55. Let q be h(0). Let u be 24/(-1)*22/(-4). Let n = q + u. Is n a composite number?
True
Is 4 + (291 - (-2 + -2)) composite?
True
Suppose -258 - 144 = -6*s. Is s a composite number?
False
Let s be 4716/24 - 1/2. Suppose 4*y - 8*y = -s. Is y a composite number?
True
Is 12665 - (2 + 5 + -1) composite?
False
Suppose 3*r = 2*z + 25, 2*r - 4 = -4*z + 2. Suppose 0 = s - 69 + r. Is s a composite number?
True
Suppose -5665 - 90 = -5*s. Is s a prime number?
True
Is (-6)/3 + 2 + 143 composite?
True
Suppose 0 = 6*j - 5*j - 169. Is j composite?
True
Let w(m) = m + 12. Let b be w(-7). Let d(p) = 3*p. Is d(b) a prime number?
False
Let c(s) = s**2 + 4*s. Let p be c(-3). Let t(k) = 3*k**2 + 1. Let o be t(p). Suppose -3*u + u + o = 0. Is u composite?
True
Suppose i - 4*o - 28 = 0, -2*i - 2*o = -34 - 2. Suppose -i = 4*k - 9*k. Suppose -k*v = -4 - 36. Is v a composite number?
True
Let g(p) = 3*p**2 - 8*p + 2. Suppose -4*b + 3*b - 3 = 0, 5*b = -m - 10. Is g(m) composite?
False
Suppose 2*w - 3*g + 7494 = 7*w, 0 = -5*w - 5*g + 7500. Is w composite?
True
Let v be ((-28)/12 + 2)*-12. Suppose 0 = -2*l - 4*z + 778, v*l - 3*z - z - 1508 = 0. Is l a prime number?
False
Suppose -2*l - 4 = -5*j, -8 = -3*l - 4*j + 9. Suppose l*s = -p + 97, -p + 3*p - 154 = 4*s. Is p composite?
True
Suppose 0 = -5*w + 5 + 15. Suppose -f + 3*q = -3*f - 8, 2*f = -4*q - 8. Is (19/w)/((-1)/f) a prime number?
True
Suppose 5*z - 9 = 11. Is z/(-2)*3970/(-20) prime?
True
Let z(v) = -35*v**3 + 2*v + 1. Let r = 5 - 6. Let l be z(r). Let j = l + -20. Is j a composite number?
True
Let r be 0 + 0/(-3) + 8. Suppose 1 - r = -j. Is j a composite number?
False
Suppose 0 = 5*o + 703 - 2018. Suppose n - 2*n = f - 124, 2*f - o = 3*n. Is f composite?
False
Is (-2 - 368)*(1 + 12/(-8)) a composite number?
True
Let t be (0 - 0)/(1 + 0). Suppose t = -5*v + 3*y - 7*y + 2223, 0 = -4*v + y + 1770. Is v a composite number?
False
Let i(h) be the third derivative of -h**2 + 1/6*h**3 - 3/4*h**4 + 0*h + 0. Is i(-2) composite?
False
Let t(s) = s**3 + s**2 - s + 6. Let l be t(0). Is (-3)/l - 134/(-4) prime?
False
Is (-6)/4*(-27050)/75 a composite number?
False
Let j be (-32)/2*3/(-6). Let h be 8*j - (-1 - 0). Let a = h - 46. Is a composite?
False
Suppose 0 = 5*u + 939 + 1061. Is (-1)/(u/(-134) - 3) a prime number?
True
Let s = -169 + 236. Is s a composite number?
False
Suppose -615 - 125 = -4*x. Is x prime?
False
Suppose -4*f = -3*u + 10, -14 = -4*u + 2*f + 3*f. Is u a prime number?
False
Let t(l) = 3 + 0*l + 8*l + 13*l - 10. Is t(8) a composite number?
True
Let q(l) = l**3 - 5*l**2 - 9*l - 1. Is q(7) composite?
True
Suppose -7 - 5 = 4*w. Is -1 + w*14/(-3) a prime number?
True
Let v(t) = t**3 - 2*t**2 - 3*t + 4. Let s be v(3). Suppose 3*o + o + 44 = s*r, -9 = r + 4*o. Is r a composite number?
False
Let h(c) = c + 583. Suppose -3*b - 2*b = 0. Is h(b) prime?
False
Let o(n) = -n + 5. Suppose -5*c + 2*y + 35 = y, 4*y - 14 = -2*c. Let j be o(c). Is (j + -13*1)*-1 a prime number?
False
Is 2990/8 + (12/(-16))/1 a prime number?
True
Let j(v) = v + 9*v + 9*v**2 + 11 - 2*v - 3*v. Is j(-5) prime?
True
Let p(j) be the third derivative of -j**4/24 - 2*j**3/3 + j**2. Let z be p(-12). Suppose 2*i - 50 + z = 0. Is i a prime number?
False
Let r = 1986 + -1195. Is r a composite number?
True